{"id":149,"date":"2025-07-08T23:21:20","date_gmt":"2025-07-08T23:21:20","guid":{"rendered":"https:\/\/jacoyan.com\/wordpress\/?page_id=149"},"modified":"2025-07-09T00:05:15","modified_gmt":"2025-07-09T00:05:15","slug":"diseno-y-decoracion-de-interiores","status":"publish","type":"page","link":"https:\/\/jacoyan.com\/index.php\/diseno-y-decoracion-de-interiores\/","title":{"rendered":"Dise\u00f1o y decoraci\u00f3n de interiores"},"content":{"rendered":"\t\t<div data-elementor-type=\"wp-page\" data-elementor-id=\"149\" class=\"elementor elementor-149\" data-elementor-post-type=\"page\">\n\t\t\t\t<div class=\"elementor-element elementor-element-0944512 e-con-full e-flex e-con e-parent\" data-id=\"0944512\" data-element_type=\"container\" data-settings=\"{&quot;background_background&quot;:&quot;slideshow&quot;,&quot;background_slideshow_gallery&quot;:[{&quot;id&quot;:159,&quot;url&quot;:&quot;https:\\\/\\\/jacoyan.com\\\/wordpress\\\/wp-content\\\/uploads\\\/2025\\\/07\\\/pexels-edward-jenner-4250577.jpg&quot;},{&quot;id&quot;:157,&quot;url&quot;:&quot;https:\\\/\\\/jacoyan.com\\\/wordpress\\\/wp-content\\\/uploads\\\/2025\\\/07\\\/pexels-dbaler-30112372-scaled.jpg&quot;},{&quot;id&quot;:151,&quot;url&quot;:&quot;https:\\\/\\\/jacoyan.com\\\/wordpress\\\/wp-content\\\/uploads\\\/2025\\\/07\\\/pexels-heyho-7031871-scaled.jpg&quot;}],&quot;background_slideshow_lazyload&quot;:&quot;yes&quot;,&quot;background_slideshow_ken_burns&quot;:&quot;yes&quot;,&quot;background_slideshow_loop&quot;:&quot;yes&quot;,&quot;background_slideshow_slide_duration&quot;:5000,&quot;background_slideshow_slide_transition&quot;:&quot;fade&quot;,&quot;background_slideshow_transition_duration&quot;:500,&quot;background_slideshow_ken_burns_zoom_direction&quot;:&quot;in&quot;}\">\n\t\t<div class=\"elementor-element elementor-element-e7fb188 e-grid e-con-full e-con e-child\" data-id=\"e7fb188\" data-element_type=\"container\">\n\t\t<div class=\"elementor-element elementor-element-dc65306 e-con-full e-flex e-con e-child\" data-id=\"dc65306\" data-element_type=\"container\">\n\t\t\t\t<div class=\"elementor-element elementor-element-1333bc5 elementor-widget elementor-widget-heading\" data-id=\"1333bc5\" data-element_type=\"widget\" data-widget_type=\"heading.default\">\n\t\t\t\t\t<h2 class=\"elementor-heading-title elementor-size-default\">Dise\u00f1o y decoraci\u00f3n de interiores<\/h2>\t\t\t\t<\/div>\n\t\t\t\t<\/div>\n\t\t<div class=\"elementor-element elementor-element-5d85bd2 e-con-full e-flex e-con e-child\" data-id=\"5d85bd2\" data-element_type=\"container\">\n\t\t\t\t<\/div>\n\t\t\t\t<\/div>\n\t\t\t\t<\/div>\n\t\t<div class=\"elementor-element elementor-element-ec1af9f e-flex e-con-boxed e-con e-parent\" data-id=\"ec1af9f\" data-element_type=\"container\">\n\t\t\t\t\t<div class=\"e-con-inner\">\n\t\t\t\t<div class=\"elementor-element elementor-element-f9beae8 elementor-widget elementor-widget-spacer\" data-id=\"f9beae8\" data-element_type=\"widget\" data-widget_type=\"spacer.default\">\n\t\t\t\t\t\t\t<div class=\"elementor-spacer\">\n\t\t\t<div class=\"elementor-spacer-inner\"><\/div>\n\t\t<\/div>\n\t\t\t\t\t\t<\/div>\n\t\t\t\t<div class=\"elementor-element elementor-element-f58c8bc elementor-widget elementor-widget-text-editor\" data-id=\"f58c8bc\" data-element_type=\"widget\" data-widget_type=\"text-editor.default\">\n\t\t\t\t\t\t\t\t\t<p data-start=\"309\" data-end=\"610\">Transformamos espacios en experiencias. Nuestro servicio de dise\u00f1o y decoraci\u00f3n de interiores combina est\u00e9tica, funcionalidad y estrategia para crear ambientes que no solo se ven bien, sino que responden a las necesidades operativas, emocionales y de marca de cada cliente.<\/p><p data-start=\"612\" data-end=\"917\">Partimos de un an\u00e1lisis profundo del uso del espacio, los flujos de personas, la identidad visual del cliente y sus objetivos de operaci\u00f3n o atenci\u00f3n al p\u00fablico. A partir de ello, desarrollamos propuestas personalizadas que optimizan la distribuci\u00f3n, potencian el confort y realzan el estilo del inmueble.<\/p><p data-start=\"919\" data-end=\"1226\">Integramos mobiliario, iluminaci\u00f3n, acabados, colores, texturas y soluciones arquitect\u00f3nicas que aportan valor sensorial y funcional al entorno. Cada proyecto es \u00fanico y escalable, ideal tanto para oficinas corporativas, cl\u00ednicas, locales comerciales, hoteles, centros educativos o espacios institucionales.<\/p><p data-start=\"1228\" data-end=\"1396\">Adem\u00e1s, nos encargamos de la coordinaci\u00f3n integral de proveedores, instaladores y contratistas, asegurando una ejecuci\u00f3n fluida y alineada con el concepto aprobado.<\/p>\t\t\t\t\t\t\t\t<\/div>\n\t\t\t\t<div class=\"elementor-element elementor-element-19dd9e2 elementor-widget elementor-widget-spacer\" data-id=\"19dd9e2\" data-element_type=\"widget\" data-widget_type=\"spacer.default\">\n\t\t\t\t\t\t\t<div class=\"elementor-spacer\">\n\t\t\t<div class=\"elementor-spacer-inner\"><\/div>\n\t\t<\/div>\n\t\t\t\t\t\t<\/div>\n\t\t\t\t\t<\/div>\n\t\t\t\t<\/div>\n\t\t<div class=\"elementor-element elementor-element-7888535 e-flex e-con-boxed e-con e-parent\" data-id=\"7888535\" data-element_type=\"container\">\n\t\t\t\t\t<div class=\"e-con-inner\">\n\t\t<div class=\"elementor-element elementor-element-e888b8b e-grid e-con-full e-con e-child\" data-id=\"e888b8b\" data-element_type=\"container\">\n\t\t\t\t<div class=\"elementor-element elementor-element-e5ff54e elementor-cta--skin-classic elementor-animated-content elementor-bg-transform elementor-bg-transform-zoom-in elementor-widget elementor-widget-call-to-action\" data-id=\"e5ff54e\" data-element_type=\"widget\" data-widget_type=\"call-to-action.default\">\n\t\t\t\t\t\t\t<div class=\"elementor-cta\">\n\t\t\t\t\t<div class=\"elementor-cta__bg-wrapper\">\n\t\t\t\t<div class=\"elementor-cta__bg elementor-bg\" style=\"background-image: url(https:\/\/jacoyan.com\/wordpress\/wp-content\/uploads\/2025\/07\/pexels-heyho-7031871-1024x683.jpg);\" role=\"img\" aria-label=\"pexels-heyho-7031871\"><\/div>\n\t\t\t\t<div class=\"elementor-cta__bg-overlay\"><\/div>\n\t\t\t<\/div>\n\t\t\t\t\t\t\t<div class=\"elementor-cta__content\">\n\t\t\t\t\n\t\t\t\t\t\t\t\t\t<h2 class=\"elementor-cta__title elementor-cta__content-item elementor-content-item\">\n\t\t\t\t\t\tDesarrollo de concepto y estilo\t\t\t\t\t<\/h2>\n\t\t\t\t\n\t\t\t\t\n\t\t\t\t\t\t\t<\/div>\n\t\t\t\t\t\t<\/div>\n\t\t\t\t\t\t<\/div>\n\t\t<div class=\"elementor-element elementor-element-607078d e-con-full e-flex e-con e-child\" data-id=\"607078d\" data-element_type=\"container\">\n\t\t\t\t<div class=\"elementor-element elementor-element-2b773f5 elementor-widget elementor-widget-heading\" data-id=\"2b773f5\" data-element_type=\"widget\" data-widget_type=\"heading.default\">\n\t\t\t\t\t<h2 class=\"elementor-heading-title elementor-size-default\">\u00bfQu\u00e9 incluye nuestro servicio de interiorismo?\n<\/h2>\t\t\t\t<\/div>\n\t\t\t\t<div class=\"elementor-element elementor-element-b4bf85f elementor-widget elementor-widget-image\" data-id=\"b4bf85f\" data-element_type=\"widget\" data-widget_type=\"image.default\">\n\t\t\t\t\t\t\t\t\t\t\t\t\t\t\t<img decoding=\"async\" width=\"1\" height=\"1\" src=\"https:\/\/jacoyan.com\/wordpress\/wp-content\/uploads\/2025\/07\/Inmobiliaria-Jacoyan_Alta.png\" class=\"attachment-large size-large wp-image-160\" alt=\"\" \/>\t\t\t\t\t\t\t\t\t\t\t\t\t\t\t<\/div>\n\t\t\t\t<\/div>\n\t\t\t\t<div class=\"elementor-element elementor-element-2e76296 elementor-cta--skin-classic elementor-animated-content elementor-bg-transform elementor-bg-transform-zoom-in elementor-widget elementor-widget-call-to-action\" data-id=\"2e76296\" data-element_type=\"widget\" data-widget_type=\"call-to-action.default\">\n\t\t\t\t\t\t\t<div class=\"elementor-cta\">\n\t\t\t\t\t<div class=\"elementor-cta__bg-wrapper\">\n\t\t\t\t<div class=\"elementor-cta__bg elementor-bg\" style=\"background-image: url(https:\/\/jacoyan.com\/wordpress\/wp-content\/uploads\/2025\/07\/pexels-mikael-blomkvist-6476254-1024x683.jpg);\" role=\"img\" aria-label=\"pexels-mikael-blomkvist-6476254\"><\/div>\n\t\t\t\t<div class=\"elementor-cta__bg-overlay\"><\/div>\n\t\t\t<\/div>\n\t\t\t\t\t\t\t<div class=\"elementor-cta__content\">\n\t\t\t\t\n\t\t\t\t\t\t\t\t\t<h2 class=\"elementor-cta__title elementor-cta__content-item elementor-content-item\">\n\t\t\t\t\t\tDise\u00f1o de layout y distribuci\u00f3n de espacios\t\t\t\t\t<\/h2>\n\t\t\t\t\n\t\t\t\t\n\t\t\t\t\t\t\t<\/div>\n\t\t\t\t\t\t<\/div>\n\t\t\t\t\t\t<\/div>\n\t\t\t\t<div class=\"elementor-element elementor-element-65cba3f elementor-cta--skin-classic elementor-animated-content elementor-bg-transform elementor-bg-transform-zoom-in elementor-widget elementor-widget-call-to-action\" data-id=\"65cba3f\" data-element_type=\"widget\" data-widget_type=\"call-to-action.default\">\n\t\t\t\t\t\t\t<div class=\"elementor-cta\">\n\t\t\t\t\t<div class=\"elementor-cta__bg-wrapper\">\n\t\t\t\t<div class=\"elementor-cta__bg elementor-bg\" style=\"background-image: url(https:\/\/jacoyan.com\/wordpress\/wp-content\/uploads\/2025\/07\/pexels-mikhail-nilov-7828186-1024x683.jpg);\" role=\"img\" aria-label=\"pexels-mikhail-nilov-7828186\"><\/div>\n\t\t\t\t<div class=\"elementor-cta__bg-overlay\"><\/div>\n\t\t\t<\/div>\n\t\t\t\t\t\t\t<div class=\"elementor-cta__content\">\n\t\t\t\t\n\t\t\t\t\t\t\t\t\t<h2 class=\"elementor-cta__title elementor-cta__content-item elementor-content-item\">\n\t\t\t\t\t\tSelecci\u00f3n de acabados, colores, texturas y mobiliario\t\t\t\t\t<\/h2>\n\t\t\t\t\n\t\t\t\t\n\t\t\t\t\t\t\t<\/div>\n\t\t\t\t\t\t<\/div>\n\t\t\t\t\t\t<\/div>\n\t\t\t\t<div class=\"elementor-element elementor-element-805ad39 elementor-cta--skin-classic elementor-animated-content elementor-bg-transform elementor-bg-transform-zoom-in elementor-widget elementor-widget-call-to-action\" data-id=\"805ad39\" data-element_type=\"widget\" data-widget_type=\"call-to-action.default\">\n\t\t\t\t\t\t\t<div class=\"elementor-cta\">\n\t\t\t\t\t<div class=\"elementor-cta__bg-wrapper\">\n\t\t\t\t<div class=\"elementor-cta__bg elementor-bg\" style=\"background-image: url(https:\/\/jacoyan.com\/wordpress\/wp-content\/uploads\/2025\/07\/pexels-heyho-7195732-1024x683.jpg);\" role=\"img\" aria-label=\"pexels-heyho-7195732\"><\/div>\n\t\t\t\t<div class=\"elementor-cta__bg-overlay\"><\/div>\n\t\t\t<\/div>\n\t\t\t\t\t\t\t<div class=\"elementor-cta__content\">\n\t\t\t\t\n\t\t\t\t\t\t\t\t\t<h2 class=\"elementor-cta__title elementor-cta__content-item elementor-content-item\">\n\t\t\t\t\t\tPropuestas en 2D y 3D (renders, mood boards)\t\t\t\t\t<\/h2>\n\t\t\t\t\n\t\t\t\t\t\t\t\t\t<div class=\"elementor-cta__description elementor-cta__content-item elementor-content-item\">\n\t\t\t\t\t\t\n\n\t\t\t\t\t<\/div>\n\t\t\t\t\n\t\t\t\t\t\t\t<\/div>\n\t\t\t\t\t\t<\/div>\n\t\t\t\t\t\t<\/div>\n\t\t\t\t<div class=\"elementor-element elementor-element-d7c9866 elementor-cta--skin-classic elementor-animated-content elementor-bg-transform elementor-bg-transform-zoom-in elementor-widget elementor-widget-call-to-action\" data-id=\"d7c9866\" data-element_type=\"widget\" data-widget_type=\"call-to-action.default\">\n\t\t\t\t\t\t\t<div class=\"elementor-cta\">\n\t\t\t\t\t<div class=\"elementor-cta__bg-wrapper\">\n\t\t\t\t<div class=\"elementor-cta__bg elementor-bg\" style=\"background-image: url(https:\/\/jacoyan.com\/wordpress\/wp-content\/uploads\/2025\/07\/pexels-heyho-7147286-1024x683.jpg);\" role=\"img\" aria-label=\"pexels-heyho-7147286\"><\/div>\n\t\t\t\t<div class=\"elementor-cta__bg-overlay\"><\/div>\n\t\t\t<\/div>\n\t\t\t\t\t\t\t<div class=\"elementor-cta__content\">\n\t\t\t\t\n\t\t\t\t\t\t\t\t\t<h2 class=\"elementor-cta__title elementor-cta__content-item elementor-content-item\">\n\t\t\t\t\t\tIluminaci\u00f3n funcional y decorativa\t\t\t\t\t<\/h2>\n\t\t\t\t\n\t\t\t\t\n\t\t\t\t\t\t\t<\/div>\n\t\t\t\t\t\t<\/div>\n\t\t\t\t\t\t<\/div>\n\t\t\t\t<\/div>\n\t\t\t\t\t<\/div>\n\t\t\t\t<\/div>\n\t\t\t\t<\/div>\n\t\t","protected":false},"excerpt":{"rendered":"<p>Dise\u00f1o y decoraci\u00f3n de interiores Transformamos espacios en experiencias. Nuestro servicio de dise\u00f1o y decoraci\u00f3n de interiores combina est\u00e9tica, funcionalidad y estrategia para crear ambientes que no solo se ven bien, sino que responden a las necesidades operativas, emocionales y de marca de cada cliente. Partimos de un an\u00e1lisis profundo del uso del espacio, los [&hellip;]<\/p>\n","protected":false},"author":1,"featured_media":0,"parent":0,"menu_order":0,"comment_status":"closed","ping_status":"closed","template":"","meta":{"footnotes":""},"class_list":["post-149","page","type-page","status-publish","hentry"],"_links":{"self":[{"href":"https:\/\/jacoyan.com\/index.php\/wp-json\/wp\/v2\/pages\/149","targetHints":{"allow":["GET"]}}],"collection":[{"href":"https:\/\/jacoyan.com\/index.php\/wp-json\/wp\/v2\/pages"}],"about":[{"href":"https:\/\/jacoyan.com\/index.php\/wp-json\/wp\/v2\/types\/page"}],"author":[{"embeddable":true,"href":"https:\/\/jacoyan.com\/index.php\/wp-json\/wp\/v2\/users\/1"}],"replies":[{"embeddable":true,"href":"https:\/\/jacoyan.com\/index.php\/wp-json\/wp\/v2\/comments?post=149"}],"version-history":[{"count":10,"href":"https:\/\/jacoyan.com\/index.php\/wp-json\/wp\/v2\/pages\/149\/revisions"}],"predecessor-version":[{"id":195,"href":"https:\/\/jacoyan.com\/index.php\/wp-json\/wp\/v2\/pages\/149\/revisions\/195"}],"wp:attachment":[{"href":"https:\/\/jacoyan.com\/index.php\/wp-json\/wp\/v2\/media?parent=149"}],"curies":[{"name":"wp","href":"https:\/\/api.w.org\/{rel}","templated":true}]}}